
List the prime factors of 2333632.
2, 7, 5209
List the prime factors of 593178.
2, 3, 109, 907
List the prime factors of 1326877.
191, 6947
What are the prime factors of 384779?
384779
What are the prime factors of 426198?
2, 3, 251, 283
List the prime factors of 1137856.
2, 23, 773
What are the prime factors of 1463262?
2, 3, 31, 7867
What are the prime factors of 26598012?
2, 3, 7, 41, 7723
What are the prime factors of 5661103?
7, 47, 17207
List the prime factors of 772426.
2, 19, 20327
What are the prime factors of 162973?
162973
List the prime factors of 223424.
2, 3491
List the prime factors of 24715539.
3, 317, 8663
List the prime factors of 173986.
2, 86993
List the prime factors of 920867.
239, 3853
What are the prime factors of 16570533?
3, 7, 313, 2521
What are the prime factors of 9414782?
2, 13, 362107
What are the prime factors of 7645029?
3, 7, 131, 397
List the prime factors of 4819087.
7, 13, 52957
List the prime factors of 1292000.
2, 5, 17, 19
What are the prime factors of 140121?
3, 15569
What are the prime factors of 347553?
3, 23, 73
List the prime factors of 1694012.
2, 423503
List the prime factors of 2498717.
13, 73, 2633
What are the prime factors of 1258190?
2, 5, 47, 2677
List the prime factors of 733209.
3, 244403
List the prime factors of 3506249.
3506249
List the prime factors of 41978390.
2, 5, 4197839
What are the prime factors of 8830?
2, 5, 883
What are the prime factors of 387555?
3, 5, 7, 3691
List the prime factors of 129236.
2, 32309
What are the prime factors of 17735299?
337, 52627
List the prime factors of 3173447.
163, 19469
List the prime factors of 345013.
29, 11897
What are the prime factors of 1110351?
3, 11, 33647
What are the prime factors of 5582185?
5, 7, 159491
List the prime factors of 1496019.
3, 7, 10177
List the prime factors of 616291.
13, 47407
List the prime factors of 14152331.
613, 23087
What are the prime factors of 75257?
7, 13, 827
List the prime factors of 904891.
13, 47, 1481
List the prime factors of 558646.
2, 11, 67, 379
List the prime factors of 24633044.
2, 19, 324119
What are the prime factors of 2726143?
7, 191, 2039
What are the prime factors of 847708?
2, 211927
What are the prime factors of 94132?
2, 101, 233
What are the prime factors of 743518?
2, 59, 6301
What are the prime factors of 3287585?
5, 7, 29, 41, 79
List the prime factors of 114641.
114641
What are the prime factors of 91032?
2, 3, 3793
What are the prime factors of 456099?
3, 7, 37, 587
List the prime factors of 268706.
2, 134353
List the prime factors of 5746607.
19, 151, 2003
List the prime factors of 1112460.
2, 3, 5, 18541
List the prime factors of 5463991.
13, 420307
List the prime factors of 4889435.
5, 149, 6563
List the prime factors of 245013.
3, 81671
List the prime factors of 3364359.
3, 1121453
What are the prime factors of 2912352?
2, 3, 23, 1319
What are the prime factors of 350895?
3, 5, 149, 157
What are the prime factors of 7501077?
3, 833453
List the prime factors of 6936711.
3, 67, 34511
List the prime factors of 3165495.
3, 5, 19, 29, 383
List the prime factors of 5148716.
2, 1287179
List the prime factors of 928670.
2, 5, 92867
List the prime factors of 6985160.
2, 5, 7, 13, 19, 101
What are the prime factors of 937915?
5, 11, 17053
What are the prime factors of 734253?
3, 13, 67, 281
What are the prime factors of 1927490?
2, 5, 192749
What are the prime factors of 1886302?
2, 11, 179, 479
List the prime factors of 895081.
11, 81371
What are the prime factors of 541406?
2, 421, 643
List the prime factors of 29571708.
2, 3, 269, 9161
What are the prime factors of 244209?
3, 7, 29, 401
What are the prime factors of 891592?
2, 13, 8573
List the prime factors of 4230117.
3, 156671
List the prime factors of 11091046.
2, 37, 67, 2237
List the prime factors of 384142.
2, 11, 19, 919
What are the prime factors of 178974?
2, 3, 61, 163
List the prime factors of 439587.
3, 67
What are the prime factors of 1527030?
2, 3, 5, 19, 47
What are the prime factors of 1596297?
3, 532099
What are the prime factors of 1757035?
5, 7, 17, 2953
List the prime factors of 795446.
2, 397723
List the prime factors of 364534.
2, 19, 53, 181
What are the prime factors of 446404?
2, 7, 107, 149
What are the prime factors of 1134111?
3, 11, 34367
What are the prime factors of 2316645?
3, 5, 51481
List the prime factors of 28016658.
2, 3, 173, 2999
What are the prime factors of 511702?
2, 255851
List the prime factors of 1807.
13, 139
List the prime factors of 200977.
7, 28711
What are the prime factors of 1245384?
2, 3, 7, 353
List the prime factors of 5881775.
5, 149, 1579
List the prime factors of 362136.
2, 3, 79, 191
What are the prime factors of 390890?
2, 5, 39089
What are the prime factors of 194083?
194083
List the prime factors of 665721.
3, 7, 10567
List the prime factors of 282411.
3, 31379
List the prime factors of 897637.
13, 29, 2381
List the prime factors of 9851254.
2, 7, 100523
List the prime factors of 164411.
13, 12647
What are the prime factors of 453614?
2, 7, 32401
List the prime factors of 666886.
2, 11, 30313
What are the prime factors of 565127?
565127
What are the prime factors of 449315?
5, 73, 1231
What are the prime factors of 3016203?
3, 29, 37, 937
List the prime factors of 5044937.
17, 19, 15619
What are the prime factors of 32306561?
7, 4615223
List the prime factors of 2646233.
2646233
What are the prime factors of 485540?
2, 5, 11, 2207
List the prime factors of 950853.
3, 316951
List the prime factors of 661578.
2, 3, 71, 1553
What are the prime factors of 3090088?
2, 41, 9421
What are the prime factors of 127114?
2, 13, 4889
What are the prime factors of 144781?
7, 13, 37, 43
What are the prime factors of 114852?
2, 3, 17, 563
List the prime factors of 840782.
2, 31, 71, 191
What are the prime factors of 19727576?
2, 11, 224177
List the prime factors of 6686681.
6686681
What are the prime factors of 591566?
2, 17, 127, 137
What are the prime factors of 426790?
2, 5, 7, 13, 67
List the prime factors of 223746.
2, 3, 89, 419
List the prime factors of 648925.
5, 101, 257
List the prime factors of 2818933.
13, 216841
What are the prime factors of 97269?
3, 32423
List the prime factors of 870020.
2, 5, 41, 1061
List the prime factors of 10442275.
5, 417691
What are the prime factors of 130299?
3, 13, 257
What are the prime factors of 756322?
2, 7, 89, 607
List the prime factors of 919769.
919769
List the prime factors of 417610.
2, 5, 41761
What are the prime factors of 3647080?
2, 5, 73, 1249
List the prime factors of 6193368.
2, 3, 53, 541
List the prime factors of 2875971.
3, 7, 136951
List the prime factors of 58350.
2, 3, 5, 389
List the prime factors of 376560.
2, 3, 5, 523
What are the prime factors of 220883?
13, 1307
List the prime factors of 407848.
2, 7, 7283
List the prime factors of 4329004.
2, 29, 67, 557
What are the prime factors of 340097?
239, 1423
List the prime factors of 305664.
2, 3, 199
What are the prime factors of 4873265?
5, 974653
List the prime factors of 221520.
2, 3, 5, 13, 71
What are the prime factors of 457623?
3, 17, 997
List the prime factors of 4897136.
2, 19, 89, 181
What are the prime factors of 1155183?
3, 419, 919
List the prime factors of 993770.
2, 5, 99377
What are the prime factors of 2126221?
43, 197, 251
What are the prime factors of 1648688?
2, 103043
What are the prime factors of 146531?
7, 11, 173
What are the prime factors of 231766?
2, 115883
What are the prime factors of 1164215?
5, 13, 17911
List the prime factors of 2247045.
3, 5, 149803
What are the prime factors of 286959?
3, 41, 2333
List the prime factors of 9485053.
1579, 6007
List the prime factors of 239660.
2, 5, 23, 521
What are the prime factors of 2816491?
457, 6163
List the prime factors of 18101904.
2, 3, 377123
List the prime factors of 6092925.
3, 5, 81239
What are the prime factors of 461170?
2, 5, 107, 431
What are the prime factors of 710631?
3, 23, 3433
List the prime factors of 1741681.
137, 12713
List the prime factors of 641902.
2, 139, 2309
What are the prime factors of 276256?
2, 89, 97
What are the prime factors of 8750189?
7, 17, 23, 139
List the prime factors of 2798280.
2, 3, 5, 2591
List the prime factors of 3391624.
2, 353, 1201
What are the pri